{"id":2876,"date":"2025-03-22T08:34:12","date_gmt":"2025-03-22T07:34:12","guid":{"rendered":"https:\/\/presto.digiamo.cz\/presto\/?post_type=faq&#038;p=2876"},"modified":"2025-03-22T08:34:14","modified_gmt":"2025-03-22T07:34:14","slug":"uctujete-si-expresni-prirazku","status":"publish","type":"faq","link":"https:\/\/www.presto.cz\/en\/faq\/uctujete-si-expresni-prirazku","title":{"rendered":"\u00da\u010dtujete si expresn\u00ed p\u0159ir\u00e1\u017eku?"},"content":{"rendered":"\n<p>U m\u00e9n\u011b objemn\u00fdch p\u0159eklad\u016f do b\u011b\u017en\u00fdch jazyk\u016f expresn\u00ed p\u0159\u00edplatek zpravidla ne\u00fa\u010dtujeme ani v\u00a0p\u0159\u00edpad\u011b p\u0159eklad\u016f po\u017eadovan\u00fdch do 24&nbsp;h. U\u00a0v\u011bt\u0161\u00edch p\u0159eklad\u016f s\u00a0velmi kr\u00e1tkou dobou vyhotoven\u00ed a&nbsp;u\u00a0p\u0159eklad\u016f s\u00a0krat\u0161\u00ed lh\u016ftou ne\u017e 24&nbsp;h \u00fa\u010dtujeme expresn\u00ed p\u0159\u00edplatek. Jeho v\u00fd\u0161e je stanovena individu\u00e1ln\u011b na z\u00e1klad\u011b objemu a&nbsp;po\u017eadovan\u00e9ho data vyhotoven\u00ed. Konkr\u00e9tn\u00ed kalkulaci tedy vyhotovujeme v\u017edy na m\u00edru.<\/p>\n","protected":false},"template":"","class_list":["post-2876","faq","type-faq","status-publish","hentry"],"meta_box":[],"_links":{"self":[{"href":"https:\/\/www.presto.cz\/en\/wp-json\/wp\/v2\/faq\/2876","targetHints":{"allow":["GET"]}}],"collection":[{"href":"https:\/\/www.presto.cz\/en\/wp-json\/wp\/v2\/faq"}],"about":[{"href":"https:\/\/www.presto.cz\/en\/wp-json\/wp\/v2\/types\/faq"}],"version-history":[{"count":0,"href":"https:\/\/www.presto.cz\/en\/wp-json\/wp\/v2\/faq\/2876\/revisions"}],"wp:attachment":[{"href":"https:\/\/www.presto.cz\/en\/wp-json\/wp\/v2\/media?parent=2876"}],"curies":[{"name":"wp","href":"https:\/\/api.w.org\/{rel}","templated":true}]}}

Účtujete si expresní přirážku?

<p>U méně objemných překladů do běžných jazyků expresní příplatek zpravidla neúčtujeme ani v případě překladů požadovaných do 24&nbsp;h. U větších překladů s velmi krátkou dobou vyhotovení a&nbsp;u překladů s kratší lhůtou než 24&nbsp;h účtujeme expresní příplatek. Jeho výše je stanovena individuálně na základě objemu a&nbsp;požadovaného data vyhotovení. Konkrétní kalkulaci tedy vyhotovujeme vždy na míru.</p>
